069?
1
What is the units digit of 17843?
3
What is the units digit of 3793?
3
What is the hundreds digit of 36307?
3
What is the hundreds digit of 563?
5
What is the hundreds digit of 103014?
0
What is the ten thousands digit of 98760?
9
What is the units digit of 480?
0
What is the tens digit of 1277?
7
What is the units digit of 587?
7
What is the thousands digit of 2927?
2
What is the hundreds digit of 10470?
4
What is the units digit of 1676?
6
What is the tens digit of 3896?
9
What is the ten thousands digit of 38170?
3
What is the hundreds digit of 402?
4
What is the units digit of 34942?
2
What is the ten thousands digit of 21425?
2
What is the units digit of 39188?
8
What is the units digit of 97544?
4
What is the units digit of 129212?
2
What is the tens digit of 12934?
3
What is the units digit of 659?
9
What is the thousands digit of 18998?
8
What is the tens digit of 632?
3
What is the hundreds digit of 1398?
3
What is the units digit of 61?
1
What is the units digit of 3228?
8
What is the thousands digit of 4575?
4
What is the hundreds digit of 50852?
8
What is the tens digit of 14694?
9
What is the units digit of 382?
2
What is the tens digit of 1953?
5
What is the units digit of 4713?
3
What is the ten thousands digit of 10547?
1
What is the units digit of 6636?
6
What is the hundreds digit of 203?
2
What is the hundreds digit of 1171?
1
What is the thousands digit of 1288?
1
What is the hundreds digit of 1776?
7
What is the thousands digit of 4971?
4
What is the tens digit of 29083?
8
What is the tens digit of 13672?
7
What is the thousands digit of 108023?
8
What is the units digit of 113093?
3
What is the tens digit of 61?
6
What is the hundreds digit of 21132?
1
What is the tens digit of 1688?
8
What is the tens digit of 23?
2
What is the hundreds digit of 2965?
9
What is the hundreds digit of 1414?
4
What is the tens digit of 75341?
4
What is the tens digit of 19009?
0
What is the tens digit of 20473?
7
What is the thousands digit of 6578?
6
What is the tens digit of 10686?
8
What is the tens digit of 1582?
8
What is the hundreds digit of 1960?
9
What is the units digit of 1093?
3
What is the units digit of 8632?
2
What is the hundreds digit of 17598?
5
What is the thousands digit of 3063?
3
What is the tens digit of 96195?
9
What is the tens digit of 2835?
3
What is the hundreds digit of 1906?
9
What is the hundreds digit of 4687?
6
What is the tens digit of 1453?
5
What is the units digit of 2033?
3
What is the tens digit of 84?
8
What is the hundreds digit of 8151?
1
What is the tens digit of 46809?
0
What is the tens digit of 10968?
6
What is the hundreds digit of 163?
1
What is the tens digit of 558?
5
What is the ten thousands digit of 44600?
4
What is the hundreds digit of 672?
6
What is the units digit of 153?
3
What is the hundreds digit of 17254?
2
What is the thousands digit of 28030?
8
What is the thousands digit of 4676?
4
What is the units digit of 544?
4
What is the ten thousands digit of 24411?
2
What is the thousands digit of 48710?
8
What is the tens digit of 5357?
5
What is the thousands digit of 5513?
5
What is the hundreds digit of 940?
9
What is the thousands digit of 2206?
2
What is the hundreds digit of 10197?
1
What is the tens digit of 8780?
8
What is the ten thousands digit of 133588?
3
What is the tens digit of 1335?
3
What is the hundreds digit of 544?
5
What is the hundreds digit of 97347?
3
What is the tens digit of 7664?
6
What is the tens digit of 6386?
8
What is the hundreds digit of 9725?
7
What is the units digit of 113802?
2
What is the thousands digit of 8271?
8
What is the units digit of 782?
2
What is the thousands digit of 7488?
7
What is the units digit of 2437?
7
What is the tens digit of 2139?
3
What is the units digit of 8243?
3
What is the ten thousands digit of 12352?
1
What is the thousands digit of 13674?
3
What is the thousands digit of 2392?
2
What is the tens digit of 169442?
4
What is the thousands digit of 6089?
6
What is the tens digit of 281?
8
What is the hundreds digit of 754?
7
What is the units digit of 482?
2
What is the thousands digit of 3052?
3
What is the thousands digit of 1998?
1
What is the tens digit of 118720?
2
What is the hundreds digit of 12453?
4
What is the ten thousands digit of 42613?
4
What is the tens digit of 811?
1
What is the hundreds digit of 4345?
3
What is the hundreds digit of 1168?
1
What is the thousands digit of 1157?
1
What is the hundreds digit of 7551?
5
What is the hundreds digit of 86865?
8
What is the hundreds digit of 6388?
3
What is the hundreds digit of 19463?
4
What is the hundreds digit of 996?
9
What is the units digit of 132234?
4
What is the ten thousands digit of 34781?
3
What is the tens digit of 21832?
3
What is the tens digit of 7515?
1
What is the hundreds digit of 1201?
2
What is the thousands digit of 5081?
5
What is the thousands digit of 4135?
4
What is the tens digit of 937?
3
What is the units digit of 3590?
0
What is the units digit of 15134?
4
What is the units digit of 8933?
3
What is the tens digit of 61815?
1
What is the hundreds digit of 105?
1
What is the hundreds digit of 2586?
5
What is the units digit of 750?
0
What is the units digit of 3160?
0
What is the units digit of 237?
7
What is the tens digit of 811?
1
What is the hundreds digit of 10065?
0
What is the tens digit of 4036?
3
What is the hundreds digit of 9111?
1
What is the hundreds digit of 10605?
6
What is the units digit of 4202?
2
What is the ten thousands digit of 22989?
2
What is the thousands digit of 103583?
3
What is the hundreds digit of 1337?
3
What is the ten thousands digit of 81616?
8
What is the units digit of 134?
4
What is the tens digit of 21540?
4
What is the thousands digit of 3027?
3
What is the thousands digit of 7930?
7
What is the hundreds digit of 194?
1
What is the units digit of 111489?
9
What is the thousands digit of 29201?
9
What is the thousands digit of 26793?
6
What is the ten thousands digit of 12399?
1
What is the tens digit of 105145?
4
What is the tens digit of 14946?
4
What is the tens digit of 282?
8
What is the units digit of 185105?
5
What is the thousands digit of 2328?
2
What is the units digit of 367?
7
What is the ten thousands digit of 17653?
1
What is the thousands digit of 2966?
2
What is the tens digit of 2403?
0
What is the tens digit of 9652?
5
What is the tens digit of 95873?
7
What is the units digit of 2144?
4
What is the ten thousands digit of 14412?
1
What is the thousands digit of 18832?
8
What is the tens digit of 23?
2
What is the hundreds digit of 708?
7
What is the tens digit of 970?
7
What is the tens digit of 7794?
9
What is the units digit of 5439?
9
What is the units digit of 31566?
6
What is the units digit of 42684?
4
What is the units digit of 1293?
3
What is the units digit of 95672?
2
What is the ten thousands digit of 41293?
4
What is the ten thousands digit of 60088?
6
What is the hundreds digit of 101?
1
What is the hundreds digit of 3003?
0
What is the hundreds digit of 1620?
6
What is the hundreds digit of 165412?
4
What is the hundreds digit of 1723?
7
What is the thousands digit of 3971?
3
What is the hundreds digit of 3331?
3
What is the ten thousands digit of 35522?
3
What is the hundreds digit of 67232?
2
What is the units digit of 14002?
2
What is the tens digit of 13442?
4
What is the ten thousands digit of 57016?
5
What is the thousands digit of 2585?
2
What is the units digit of 9787?
7
What is the units digit of 1027?
7
What is the units digit of 3077?
7
What is the hundreds digit of 78463?
4
What is the thousands digit of 29650?
9
What is the thousands digit of 85948?
5
What is the tens digit of 13812?
1
What is the hundreds digit of 7420?
4
What is the units digit of 3028?
8
What is the units digit of 3791?
1
What is the hundreds digit of 1562?
5
What is the tens digit of 1127?
2
What is the ten thousands digit of 17574?
1
What is the hundreds digit of 698?
6
What is the thousands digit of 4806?
4
What is the tens digit of 1742?
4
What is the units digit of 2811?
1
What is the units digit of 294?
4
What is the hundreds digit of 64713?
7
What is the hundreds digit of 9052?
0
What is the units digit of 280?
0
What is the tens digit of 72723?
2
What is the 